 value of (-58 - -60) + (-2 - 66) + (-6 - (2 - -3))?
-77
Calculate (7 - 4) + 4 + -63 + 3 + (9 - 6).
-50
What is the value of 15 - (-40 - (134 + -138))?
51
Calculate 0 + 4 + (-13 - (-23 - (-5 + 15) - -13)).
11
Calculate -38 + 54 + -8 + -2 - -31.
37
Evaluate 136 - ((-42 - -19) + 47 + -21).
133
(6 - (-222 + 215 + 14 + 1)) + (-83 - -20)
-65
What is -16 - (7 + (68 - (13 + -14)) - 14)?
-78
Calculate -41 - (-2 + 2 + -1 + (-98 - -104)).
-46
What is the value of (29 - -3) + 7 + 1 + (-11 - -3) + 10?
42
Calculate (-1 - 1) + (-35 - -34) + (101 - 120).
-22
Calculate (-3 - (6 - 0)) + (47 - 99) + 0.
-61
Evaluate (151 - 61) + -15 - 121.
-46
25 - (50 - 81 - -38)
18
What is the value of (-18 - -83) + -55 - 127 - (4 + -1)?
-120
What is -55 + 83 + (1 - (-10 + 7) - (-5 - 0))?
37
(1363 - 1309) + 1 + -66
-11
-40 - (-254 - -194) - (2 + -1)
19
-5 + (-2 - 0) - (0 + 12 + -23 + -23)
27
84 + -4 + 0 + 7 + (-23 - (-32 - -15))
81
What is 10 + 29 + -17 + 65 - 30?
57
10 + (-1 + 16 - (182 + -164))
7
3 + -2 + 100 + (2 - 12) + -526 + 547
112
What is the value of (1 - -2 - 10) + -6 + 29 + 33?
49
What is 104 + 186 + -277 + (106 - 2)?
117
What is ((-5 - -11) + -10 - -56) + 10 + -3 + -7?
52
What is -13 + (-11 + -46 - -141)?
71
Calculate 11 - -12 - -18 - -15.
56
2 + -1 + -12 + (141 - -7 - 76)
61
-68 + (-121 - -200) - 142
-131
What is the value of 1 - 26 - (1488 + -1471)?
-42
Evaluate (11 - -1) + -20 - (-7 - 36).
35
Calculate 10 - (-23 - (37 + -54)).
16
(2 + -20 - (49 + -53) - -22) + -59
-51
What is the value of 127 + 27 - (234 + -170)?
90
What is the value of -10 + -8 + 30 + -9 - -14?
17
28 + (-25 - (37 - (2 + 25))) - (1 - -27)
-35
3 + (-140 - -209) - 181
-109
Evaluate (-34 - -21) + (-4 - (2 - 6)) + 68 + -7.
48
22 - (3 + -2 + 3) - (0 + -23 - -17)
24
Evaluate -12 - (-52 + 22) - 28.
-10
What is (65 - (163 - 77)) + 0 + 23?
2
Calculate 18 + -31 + (-9 - 4 - (0 - 9)).
-17
Evaluate -21 - -1 - (72 + (-197 - -103)).
2
Calculate (-1 - (-4 + 2) - -6) + (10 - 5).
12
What is (7 - (-9 + 7)) + -7 + 9?
11
Evaluate 2 + -31 - (229 - 206).
-52
Evaluate -14867 + 14876 - (32 + 0 + 1).
-24
Calculate 203 + -217 + (-8 - 15).
-37
What is the value of (41 - (4 - -56)) + (-17 - -2) - 13?
-47
Evaluate -7 - (-17 - -9 - (-53 + 46)).
-6
What is the value of 0 - 19 - (40 + 16 + -109 + -40)?
74
Calculate 279 + -283 + (-1 - -8) - ((0 - 1) + 89).
-85
What is (-48 - 1) + (398 - 364)?
-15
Evaluate 44 + 1 + -58 + 19 + (2 - 0) + -79.
-71
What is the value of (-13 - -12) + -12 - (15 + -17 + -2)?
-9
What is the value of -42 - (-35 + -42) - -14?
49
(23 - 41) + 12 - -9
3
41 - 0 - (-95 - -95)
41
What is (44 - (-51 + 90)) + 26?
31
Evaluate 46 - -120 - 6 - 100.
60
What is the value of 84 + -82 + 18 - 86?
-66
What is -32 + 1 - (-761 + 747) - (-1 - -60)?
-76
Calculate (-6 - (-5 + 2)) + -6 + -2 + 3817 + -3764.
42
Evaluate 25 + (-48 - (-60 - -14) - 54).
-31
-104 + (-76 - -172) + -1 + -77
-86
Evaluate (-7 - (1 + -7 + -6)) + -12.
-7
Calculate -503 - (-438 - 46) - (-1 + -9 + 0).
-9
-38 - 8 - -30 - 58
-74
Calculate -3 - -5 - -24 - ((-96 - -93) + -5).
34
What is the value of (28 - (17 - 27 - -22)) + -4 + -29?
-17
What is the value of -25 + 8 + -3 + 39 - 49?
-30
What is 626 - 602 - (-6 + 10 - (8 - -5))?
33
What is (-54 - (2 + -5)) + -413 + 417?
-47
What is the value of -49 - (45 - (56 - 13))?
-51
What is -21 + 17 + 35 - 13 - 52?
-34
Calculate (28 - (3 + 42 + -39)) + (-3 - 17).
2
What is -5 + 54 - (-602 + 574)?
77
What is the value of ((-13 - 3) + (16 - 7) - -52) + -7?
38
Evaluate (-15 + -15 - -21) + 42 + 1 + 2.
36
What is the value of 16 + -3 + -111 + 49?
-49
Calculate 2423 - 2440 - (-8 - 126).
117
What is the value of 12 - (30 - -4) - (-74 - 0 - -2)?
50
Evaluate 7 + 0 + 39 + (10 - 18) - (-17 - -18).
37
Calculate -5 + 1 + (145 - 151) + 83.
73
What is the value of (14 - (-47 - -11)) + 0 + -8 + -12?
30
What is the value of -34 + (-8 - -28) - 25?
-39
Evaluate (-31 - 1) + -28000 + 28097.
65
Calculate (7 - -20) + -6 + 10 + -13 + 12.
30
-5 - (-64 - 13 - ((-2 - -6) + -7))
69
Calculate (202 - 166) + -47 - (-2 + (-20 - 2)).
13
-17 + -2 - (-29 - (-39 - -2))
-27
What is the value of (-46 - (-167 + 75)) + 1 + 33?
80
(21 - (-1 - -34)) + 67 - 27
28
Calculate (4 - (10 - -14) - (-2 + 5)) + -13.
-36
What is -81 - (26 + 50 + -88 + 42)?
-111
What is the value of 38 - (-11 + 47 + -15)?
17
What is the value of (0 + -7 + -6 + 14 - 18) + -8?
-25
-57 + 4 - (15 + 10 + -21 + -4)
-53
What is (21 - 32) + -3 + (-15 - -1 - 30)?
-58
Evaluate -17 + 16 + 8 + 9 + -1 + -1 + -12.
2
Evaluate (-1 + -4 + -6 - (-7 + 7)) + -97 + 132.
24
Evaluate -34 + -22 + (42 - -4) - -93.
83
-2 + (0 - -1) + (753 - 737) + 0 + 19
34
What is 28 + (-13 - (-1 + -14) - (18 + -5)) + 7?
24
What is (917 - 913) + 1 + -29?
-24
What is the value of -1494 + 1348 - (-6 + -5)?
-135
Evaluate -1561 + 1482 + 0 + 3 + 0.
-76
Evaluate -42 - (69 - 20) - -175.
84
154 + -58 + -4 + -85
7
(-13 - (-1 + -33)) + -6 + (7 + -1 - 2)
19
Evaluate -20 + 8 + 3 + -6 + (579 - 552).
12
Calculate (87 - 0) + (559 - 589) - -14.
71
Calculate 44 + (-4 - (-36 + 97)).
-21
What is -15 + (-31 + (13 - -10) - 4)?
-27
26 + (-19 - -29) + -57 + 87
66
What is (1 - 51) + -2052 + 2020?
-82
What is the value of (12 - -3) + 55 + -50 - ((-10 - -1) + 1)?
28
Evaluate 75 - 135 - -174 - 52.
62
What is the value of -23 + 7 - (149 - 249) - (-15 + 3)?
96
Evaluate (2 - (-5 + 2 + -6)) + 2 - -33.
46
(-9 - -2) + 65 + (-2 - 11) + 15 - 8
52
What is the value of 12 + (83 - 74 - (5 + -1 + -9 + 14))?
12
Calculate 20 - (-1 - -2) - (3394 - 3405).
30
What is 104 - (65 + -107 - -104)?
42
610 + -595 - ((6 - -3) + 4)
2
What is -52 + -60 + 66 + 85?
39
Evaluate -1 - -1 - (-1592 - -1614 - (-1 - -55)).
32
Calculate -10 - (4 + 12 - (-41 - -43)).
-24
(-9 - ((5 - 9) + -3) - 3) + (-22 - -34)
7
Evaluate 55 - (66 + -108) - 71.
26
What is the value of (11 - -58) + -65 - (41 - -1)?
-38
Evaluate -45 + -10 + (17 - (0 + -8)) + 9.
-21
Calculate -4 - -15 - (31 - (38 + -54)).
-36
What is the value of 14 - (7 + 59 + -20 + 5 + 16)?
-53
-83 + -40 + 86 - -46
9
What is 1389 + -1378 + (-20 - -1)?
-8
Calculate (2 - -28) + -125 + 110.
15
-101 + 89 + 72 + -1 + 0 + -2 - -9
66
What is -15 - (-20 + -16 + 11 + 6 - -21)?
-17
Calculate -6 + (4 - (5 - (1 - 1))) + -15 + 14.
-8
Calculate -49 + 32 + (9 - (12 + 11)).
-31
What is the value of 3 + (-108 + (-9 - (0 - 5)) - 3) - 10?
-122
17 + -4 + -5 + -2 + -3 - (63 + -7)
-53
Calculate 11 + -2 + -9 + 1 + (35 - -7).
43
-38 - (5 + 2 + 15 + -9 + -4)
-47
Calculate (17 + -20 + 20 - 45) + (26 - 14).
-16
-61 - (65 - -11) - -86
-51
Evaluate -59 - -3 - (-8 + 8 + (0 - 0) + -2).
-54
What is (9 - 21) + -4 + -8 + 57?
33
Calculate 114 + (-88 - -14) + -170.
-130
Evaluate (378 - 318) + 2 + -15.
47
Evaluate 2 - (-34 + 6) - 42.
-12
What is -11 - ((28 - 12) + (-10 - -8))?
-25
-7 + 1 + (23 - -96) - (-10 + 8 + 9)
106
(-8 + -5 - -4) + (-3 - (-2 + 27))
-37
What is the value of 42 + -26 + -5 + -4 + 38?
45
Evaluate 20 + -13 - (26 + -37 + -21).
39
What is 4 - -266 - (1085 + -944)?
129
Evaluate 13 - (405 + -407 + (2 - -3) + 102).
-92
Evaluate (-2 - -59) + 120 + -113.
64
What is the value of 25 - 31 - 143 - (-12 - 24)?
-113
What is 113 + -142 - (-2 + 0)?
-27
What is 1 + -2 + 0 + -52 + 109 + -30?
26
What is the value of -30 - (23 - 26 - (-32 - -22))?
-37
What is the value of -1 + -3 + -110 + 93?
-21
Calculate 35 - (-129 + 143 + (-20 - 0) + 18).
23
What is the value of -84 + 65 + 55 - 16?
20
Calculate (40 - -1) + 1 + (3049 - 3069).
22
Evaluate (111 - 45) + -42 - 7 - -117.
134
What is the value of (-17 - (-12 + 3)) + -5?
-13
Evaluate 65 + -44 + -83 + 72.
10
What is the value of -32 + 6 - (5 + -3 - 4 - -7)?
-31
What is -3 - 8 - (14 + -44) - 20?
-1
Calculate -107 + 8 + (-7 - -29) - (1 + -3).
-75
Evaluate (0 - -2) + (5570 - 5649).
-77
What is (3281 + -3256 - (37 - 1)) + (1 - -13)?
3
What is the value of 1 + -12 + 7 + 81 + 3 + -7?
73
What is the value of -1 + -6 + (-44 - -57) + (-7 + -97 - 7)?
-105
What is 37 + -44 - ((-53 - (5 + -12)) + -6)?
45
Evaluate -1 + 6 - (-9 - -6 - (-1 + (0 - 51))).
-44
Calculate 10 - -3 - (18 + 28 + -19).
-14
What is the value of -97 - -78 - (-46 + -12 + 0)?
39
What is the value of 36 + (-17 - -20 - 16) + -4?
19
(-10 - 4 - -4 - 25) + 25
-10
Calculate (43 - (-23 + 47)) + -101 + 42.
-40
Evaluate (1 - 1 - -9 - 8 - -7 - 15) + 23.
16
What is the value of -16 - (-13 + -20 +